 hundreds digit of 116270?
2
What is the tens digit of 2203830?
3
What is the units digit of 916939?
9
What is the hundred thousands digit of 2649203?
6
What is the ten thousands digit of 8840728?
4
What is the tens digit of 2281198?
9
What is the ten thousands digit of 759786?
5
What is the thousands digit of 774216?
4
What is the tens digit of 11450999?
9
What is the ten thousands digit of 394689?
9
What is the hundreds digit of 8137344?
3
What is the hundred thousands digit of 120905?
1
What is the tens digit of 1774768?
6
What is the units digit of 17877337?
7
What is the units digit of 339303?
3
What is the units digit of 656225?
5
What is the hundred thousands digit of 1995250?
9
What is the hundred thousands digit of 18693366?
6
What is the tens digit of 202104?
0
What is the hundreds digit of 114868?
8
What is the units digit of 255975?
5
What is the tens digit of 340435?
3
What is the ten thousands digit of 15097724?
9
What is the tens digit of 5474118?
1
What is the units digit of 982884?
4
What is the thousands digit of 467659?
7
What is the hundreds digit of 3634546?
5
What is the thousands digit of 440402?
0
What is the units digit of 6448424?
4
What is the hundreds digit of 215630?
6
What is the hundreds digit of 22062736?
7
What is the millions digit of 12528233?
2
What is the hundreds digit of 3255765?
7
What is the units digit of 24585089?
9
What is the hundreds digit of 1978983?
9
What is the tens digit of 143947?
4
What is the ten thousands digit of 349280?
4
What is the units digit of 724075?
5
What is the hundreds digit of 56768?
7
What is the millions digit of 1768398?
1
What is the ten thousands digit of 3196235?
9
What is the tens digit of 175035?
3
What is the thousands digit of 18862?
8
What is the millions digit of 3560784?
3
What is the units digit of 1822766?
6
What is the hundred thousands digit of 3133429?
1
What is the units digit of 9329068?
8
What is the hundreds digit of 189324?
3
What is the millions digit of 6517166?
6
What is the units digit of 7401180?
0
What is the ten thousands digit of 151703?
5
What is the hundred thousands digit of 811646?
8
What is the millions digit of 10227114?
0
What is the hundreds digit of 176339?
3
What is the thousands digit of 206168?
6
What is the thousands digit of 310005?
0
What is the ten thousands digit of 446698?
4
What is the ten thousands digit of 22545655?
4
What is the tens digit of 2198406?
0
What is the thousands digit of 25021?
5
What is the tens digit of 1606262?
6
What is the ten thousands digit of 973585?
7
What is the ten thousands digit of 24487254?
8
What is the ten thousands digit of 130447?
3
What is the thousands digit of 96683?
6
What is the units digit of 96240?
0
What is the thousands digit of 20220042?
0
What is the ten thousands digit of 12881867?
8
What is the hundreds digit of 404434?
4
What is the thousands digit of 3634043?
4
What is the ten millions digit of 18619753?
1
What is the millions digit of 11786350?
1
What is the hundreds digit of 4851249?
2
What is the ten thousands digit of 304627?
0
What is the hundred thousands digit of 321750?
3
What is the hundreds digit of 2612879?
8
What is the thousands digit of 3223822?
3
What is the thousands digit of 6745999?
5
What is the ten thousands digit of 155381?
5
What is the units digit of 3045798?
8
What is the hundred thousands digit of 2235201?
2
What is the units digit of 8277396?
6
What is the units digit of 4750?
0
What is the thousands digit of 4134?
4
What is the units digit of 2645222?
2
What is the ten thousands digit of 63315?
6
What is the millions digit of 2013328?
2
What is the units digit of 218124?
4
What is the tens digit of 321649?
4
What is the ten thousands digit of 732013?
3
What is the millions digit of 2586124?
2
What is the ten thousands digit of 8682648?
8
What is the hundreds digit of 6117610?
6
What is the hundred thousands digit of 3753402?
7
What is the hundred thousands digit of 275786?
2
What is the tens digit of 114238?
3
What is the tens digit of 2169168?
6
What is the units digit of 128886?
6
What is the ten thousands digit of 122720?
2
What is the millions digit of 2583420?
2
What is the thousands digit of 388656?
8
What is the hundred thousands digit of 624998?
6
What is the tens digit of 32084783?
8
What is the thousands digit of 911347?
1
What is the hundreds digit of 6302?
3
What is the thousands digit of 4020620?
0
What is the tens digit of 47679?
7
What is the millions digit of 10487070?
0
What is the ten millions digit of 21449378?
2
What is the units digit of 400778?
8
What is the ten thousands digit of 916427?
1
What is the thousands digit of 445597?
5
What is the ten thousands digit of 2000999?
0
What is the tens digit of 1034636?
3
What is the units digit of 2227047?
7
What is the units digit of 15182?
2
What is the tens digit of 1949026?
2
What is the tens digit of 9108?
0
What is the ten thousands digit of 672677?
7
What is the ten millions digit of 13253639?
1
What is the millions digit of 7793933?
7
What is the hundreds digit of 290964?
9
What is the units digit of 653585?
5
What is the hundred thousands digit of 482692?
4
What is the tens digit of 2852124?
2
What is the thousands digit of 455979?
5
What is the ten millions digit of 20199915?
2
What is the hundreds digit of 6411907?
9
What is the ten thousands digit of 6294868?
9
What is the tens digit of 8702679?
7
What is the tens digit of 3088114?
1
What is the hundred thousands digit of 118630?
1
What is the hundreds digit of 280836?
8
What is the hundreds digit of 1094197?
1
What is the hundreds digit of 5244254?
2
What is the thousands digit of 7891725?
1
What is the units digit of 272153?
3
What is the hundred thousands digit of 14356302?
3
What is the ten thousands digit of 28246040?
4
What is the hundred thousands digit of 727042?
7
What is the millions digit of 26386702?
6
What is the units digit of 1248390?
0
What is the millions digit of 3230143?
3
What is the hundred thousands digit of 1130664?
1
What is the hundreds digit of 1787887?
8
What is the hundreds digit of 176637?
6
What is the thousands digit of 237876?
7
What is the hundred thousands digit of 461699?
4
What is the hundred thousands digit of 16935582?
9
What is the thousands digit of 7894290?
4
What is the tens digit of 12883070?
7
What is the hundred thousands digit of 520712?
5
What is the ten millions digit of 13447189?
1
What is the hundred thousands digit of 6056717?
0
What is the tens digit of 851215?
1
What is the tens digit of 926671?
7
What is the units digit of 557868?
8
What is the ten thousands digit of 131860?
3
What is the tens digit of 2185415?
1
What is the tens digit of 3174135?
3
What is the units digit of 190457?
7
What is the thousands digit of 113499?
3
What is the thousands digit of 7702396?
2
What is the thousands digit of 201623?
1
What is the hundred thousands digit of 1225452?
2
What is the hundred thousands digit of 973896?
9
What is the units digit of 18838830?
0
What is the thousands digit of 5401086?
1
What is the millions digit of 10069597?
0
What is the thousands digit of 96654?
6
What is the tens digit of 5592525?
2
What is the tens digit of 903308?
0
What is the thousands digit of 7420060?
0
What is the thousands digit of 9063074?
3
What is the units digit of 2913956?
6
What is the units digit of 2287329?
9
What is the units digit of 88107?
7
What is the thousands digit of 174203?
4
What is the ten thousands digit of 7254359?
5
What is the hundred thousands digit of 1849526?
8
What is the units digit of 62209?
9
What is the ten thousands digit of 213230?
1
What is the thousands digit of 23423933?
3
What is the hundred thousands digit of 6621430?
6
What is the units digit of 788215?
5
What is the hundreds digit of 536542?
5
What is the units digit of 927645?
5
What is the tens digit of 311606?
0
What is the units digit of 4676525?
5
What is the ten thousands digit of 15628?
1
What is the ten millions digit of 17796132?
1
What is the ten thousands digit of 2557512?
5
What is the ten millions digit of 18744543?
1
What is the hundred thousands digit of 2173214?
1
What is the hundreds digit of 411731?
7
What is the millions digit of 2918876?
2
What is the hundreds digit of 770977?
9
What is